u.
0
What is the remainder when 129 is divided by (-6)/12 - (-106)/4?
25
Let i = -67 + 39. Let d = -17 - i. Suppose v - 3 = 2, -s - 2*v = -30. Calculate the remainder when s is divided by d.
9
Suppose -3*p + 24 = -4*o + 91, -4*p = -5*o + 83. What is the remainder when 37 is divided by o?
18
Suppose 4*f = -f + 975. Let s = f + -108. Suppose -s = -3*l + 72. What is the remainder when l is divided by 18?
17
Suppose 0 = 2*a - 0 - 4. Suppose -y - 7 = -3*m, -2*m - y - a*y + 23 = 0. Calculate the remainder when m is divided by ((-8)/10)/(4/(-10)).
0
Suppose -4*a = 4, -5*w - 1 + 0 = a. Let g be -3 + (-2 + 3 - w). Calculate the remainder when 3/(g/10*-3) is divided by 4.
1
Suppose -5*l + 4*l - 5*c = 6, -c + 18 = 5*l. Suppose -2*q + l = 2*q. Calculate the remainder when q is divided by 1.
0
Let g(a) = 15*a + 1. Let b be 14/10 - (-12)/20. Let w be g(b). Let x = w + 15. What is the remainder when x is divided by 12?
10
Let r be 4/(-22) + (-70)/(-22). Let t(v) = 3*v - 4. Calculate the remainder when t(r) is divided by 4.
1
Suppose 5*j + p = 2*j + 11, -j + p + 5 = 0. Let w(i) = -2*i - 4. Let o be w(-3). Calculate the remainder when j is divided by (-4)/(-1) + o + -4.
0
Suppose 0*b = -4*b - 12, 30 = 5*w + 5*b. What is the remainder when (3/(6/(-32)))/(-1) + -2 is divided by w?
5
Let b(f) be the first derivative of f**3/3 - f**2/2 + 4. What is the remainder when b(6) is divided by 16?
14
Let z be ((-40)/6)/((-5)/15). Suppose -k = -5*k + z. Calculate the remainder when 9 is divided by k.
4
Suppose 3*d - 5*s + 51 = 268, -3*d = -4*s - 221. Let i(t) = t**2 - 4*t + 8. What is the remainder when d is divided by i(6)?
19
Let k(u) = 5*u**3 - 2*u**2 - 2*u + 3. Let y(p) = 2*p**2 + 7*p + 3. Calculate the remainder when k(2) is divided by y(-5).
13
What is the remainder when 54 is divided by (-68)/(-5) + (48/20)/6?
12
Let t(w) = -w**2 + 3*w - 5. Let p be t(4). What is the remainder when 15/(-25)*(p - 1) is divided by 4?
2
Suppose 14 = 3*f - 13. What is the remainder when f is divided by 3?
0
Let i be 1 + -1 + 145 + 2. Suppose -5*d + 155 = -0*v + 5*v, -d + i = 5*v. Calculate the remainder when v is divided by 16.
13
Suppose 2*s + 6 = -x, -1 = 4*x - s - 4. Suppose x = -4*q + 11 + 29. What is the remainder when 37 is divided by q?
7
Suppose -123 = -7*l + 45. Calculate the remainder when 117 is divided by l.
21
Suppose 3*p + 12 = 5*p. What is the remainder when 2/2 - (-6 + -3) is divided by p?
4
Suppose -i = -3*r + 5*r - 18, 3*r - 5*i - 40 = 0. Calculate the remainder when 17 is divided by r.
7
Let v be (-1 - 0)/(1/(-1)). Let m be 5*(21/15 - v). Calculate the remainder when 0 - 2*(-7)/m is divided by 2.
1
Let v(m) = 5*m - 28. What is the remainder when v(8) is divided by 7?
5
Suppose 5*o + 2*l = -80, 3*o - 3*l + 105 = -2*o. Let m be -1 - o - (4 - 2). Suppose m + 50 = 5*f. Calculate the remainder when 24 is divided by f.
11
Let x = -77 + 170. Let g = x + -52. What is the remainder when g is divided by 21?
20
Let s = 31 + -10. What is the remainder when 59 is divided by s?
17
Calculate the remainder when (-2 + -426)*7/(-28) is divided by 27.
26
Let b(v) = -v**2 - 6 + 7*v + 4 - 5. Let z be b(5). Let p = z - -8. What is the remainder when 31 is divided by p?
9
Suppose -3*h + 15 = 9. What is the remainder when h is divided by 1?
0
Let j(c) = c**3 + 5*c**2 + 5*c. Calculate the remainder when j(-3) is divided by 1.
0
Calculate the remainder when 30 is divided by 2266/143 - 4/(-26).
14
Let s = 11 + -1. Calculate the remainder when s is divided by 5.
0
Calculate the remainder when (33 + -3)*4/5 is divided by 5.
4
Suppose 2*x = 5*x - 24. What is the remainder when x is divided by 2?
0
Let q = 27 + -11. Let x(j) = j + 24. Calculate the remainder when x(22) is divided by q.
14
Suppose 5*s - 15 = 5. Calculate the remainder when s is divided by 4.
0
Calculate the remainder when ((-2)/(-4))/(21/462) is divided by 4.
3
What is the remainder when 58 is divided by (2 - -1)/((-2)/(-10))?
13
Suppose 48 = 2*d - 4*r, 0 - 2 = 2*r. What is the remainder when 87 is divided by d?
21
Let o(b) = -6*b + 1. Suppose 2*d - 8 = 6*d. Let f be o(d). Suppose -7 - f = -4*y. Calculate the remainder when 7 is divided by y.
2
What is the remainder when 63 is divided by (-33)/3*(-2 + -1)?
30
Suppose -4*q - 3*g = -250 + 85, 0 = 5*g + 25. Calculate the remainder when q is divided by 10/(-10)*23*-1.
22
Let c be (76/6)/((-2)/3). Let f = c + 30. What is the remainder when 21 is divided by f?
10
Suppose x = -11 + 12. What is the remainder when 9 is divided by x?
0
Suppose 0 = -5*k + 4*a - 144, -k - 4*k - 152 = -2*a. Let u = -9 - k. What is the remainder when 67 is divided by u?
21
Let h(u) = 14*u**2 + u - 1. What is the remainder when 1*(44 - 6/2) is divided by h(1)?
13
Let r = 11 + -12. What is the remainder when 24 is divided by (-7 - -9) + (-5)/r?
3
Suppose -33 = -o + 5*q, -4*q + 27 = 3*o + 4. What is the remainder when 36 is divided by o?
10
Let l(h) = -17*h + 5. Let g be l(-5). Suppose 3*a - a = 4*v - g, 5*v + 5*a = 135. Calculate the remainder when v is divided by 9.
6
What is the remainder when 97 is divided by ((245/20)/1)/(1/4)?
48
Suppose 9 = -0*c + c. Let u be 4/(2/1) + 4. Calculate the remainder when 1 is divided by 15/c - 4/u.
0
Let o(i) = 5*i**2 + 2*i + 1. Let y be o(-1). Suppose -y*g = 24 - 64. Suppose 4*n + 0*n = 0, 3*v - 2*n - 84 = 0. What is the remainder when v is divided by g?
8
Suppose 0 = 5*y + 2*b + 38, -2*b + 3 = 11. Let r(i) = i**2 + 4*i - 8. What is the remainder when r(y) is divided by 3?
1
Let l be (7/(-4))/(2/8). Let r(m) = m**3 + 5*m**2 + 4*m + 4. Let z be r(-3). Let q = z + l. Calculate the remainder when 7 is divided by q.
1
Suppose -11 = -n + 10. What is the remainder when n is divided by 11?
10
Suppose 0 = -4*y + 12, -3*y + 0*y = m - 4. Let g be -4*2/10*m. Suppose -64 = g*v - 8*v. Calculate the remainder when 31 is divided by v.
15
Let v = 37 + -22. What is the remainder when 87 is divided by v?
12
Let j be 2/1 - 0 - -1. Suppose -j*g = -2*g - 4. Suppose -13 = -5*o - 3*i, -3*i - 12 = -5*o - 5*i. What is the remainder when g is divided by o?
0
Let y = -29 - -40. Calculate the remainder when (2/((-4)/86))/(-1) is divided by y.
10
Let u = -33 + 58. Calculate the remainder when u is divided by ((-8)/16)/(2/(-52)).
12
Let k = -6 - -13. Let r be 9 + (-6)/(-3) + 0. Suppose -3*n + 1 + r = 0. Calculate the remainder when k is divided by n.
3
Let m = -71 - -84. Calculate the remainder when m is divided by 10.
3
Let d(l) = -l**3 + 4*l**2 + 6*l + 4. What is the remainder when d(5) is divided by 6?
3
Let t(o) = 31*o**2 - o - 1. What is the remainder when 91 is divided by t(-1)?
29
Let t = 4 + 19. Suppose 3*l - 2 - 2 = -p, -3*l + p + 14 = 0. Suppose 4*k - 28 = -x - k, 4*x - 20 = l*k. What is the remainder when t is divided by x?
7
Calculate the remainder when (3/(-6))/((-3)/186) is divided by 9.
4
Suppose -281*r - 45 = -286*r. What is the remainder when 41 is divided by r?
5
Suppose -4*i = -0*i - 676. Let p = -58 + i. Suppose 2*y - p = -y. Calculate the remainder when y is divided by 13.
11
Suppose -2*k = -5*k + 42. Suppose -q = -k - 16. Calculate the remainder when q is divided by 11.
8
Suppose -1 - 25 = -2*b. Suppose -v + 0 = -b. What is the remainder when 23 is divided by v?
10
Let j(u) = 7*u - 2. Let b be j(-2). Let v = b + 26. Let y(o) = -o + 3. Calculate the remainder when v is divided by y(-3).
4
Suppose u + 4*u = 130. Let m = -2 - -2. Suppose m = -6*c + 2*c + 36. Calculate the remainder when u is divided by c.
8
Let p(b) = b**2 - 4*b - 9. Let f(n) = 2*n**3 - n**2 - 3*n + 1. Let l be f(2). Calculate the remainder when 34 is divided by p(l).
10
Suppose 5*c = 4*c + 1. What is the remainder when 5 is divided by c?
0
Let n(v) = v**2 + v - 2. Let z be n(2). Let x = -4 + z. Suppose 3*c - 4*h = 17 - 4, x = -3*c - 3*h + 6. Calculate the remainder when c is divided by 2.
1
Let t = -2 - -22. Suppose -v - 1 = -6. Suppose v*n - 10 = t. Calculate the remainder when 17 is divided by n.
5
Suppose -7*o = -10*o + 15. Suppose 1 = o*u - 29. Calculate the remainder when 17 is divided by u.
5
Let j(f) = 2*f**2 + 14*f - 1. What is the remainder when j(-13) is divided by 39?
38
Let r(f) = -f. Let j be r(-3). What is the remainder when 6 - 12/j - -20 is divided by 12?
10
Let o(f) = -16*f**2 - 4*f - 3. Let j(z) = 4